{"id":2820,"date":"2023-06-29T09:44:31","date_gmt":"2023-06-29T09:44:31","guid":{"rendered":"https:\/\/maynenkhithuanphat.com.vn\/?post_type=product&#038;p=2820"},"modified":"2024-03-18T03:07:34","modified_gmt":"2024-03-18T03:07:34","slug":"may-phat-dien-dong-co-cummins","status":"publish","type":"product","link":"https:\/\/maynenkhithuanphat.com.vn\/?product=may-phat-dien-dong-co-cummins","title":{"rendered":"M\u00e1y ph\u00e1t \u0111i\u1ec7n \u0111\u1ed9ng c\u01a1 CUMMINS"},"content":{"rendered":"<p>&nbsp;<\/p>\n<p>M\u00e1y ph\u00e1t \u0111i\u1ec7n \u0111\u1ed9ng c\u01a1 Cummins (M\u1ef9) Si\u00eau b\u1ec1n, tu\u1ed5i th\u1ecd cao, thi\u1ebft k\u1ebf nh\u1ecf g\u1ecdn, ti\u1ebft ki\u1ec7m nhi\u00ean li\u1ec7u.<\/p>\n<p><strong>Cummins\u00a0<\/strong>l\u00e0 d\u00f2ng m\u00e1y ph\u00e1t \u0111i\u1ec7n n\u1ed5i ti\u1ebfng v\u00e0 r\u1ea5t \u0111\u01b0\u1ee3c \u01b0a chu\u1ed9ng hi\u1ec7n nay, \u0111\u01b0\u1ee3c bi\u1ebft \u0111\u1ebfn l\u00e0 t\u1eadp \u0111o\u00e0n s\u1ea3n xu\u1ea5t \u0111\u1ed9ng c\u01a1 diesel v\u00e0 m\u00e1y ph\u00e1t \u0111i\u1ec7n n\u1ed5i ti\u1ebfng to\u00e0n th\u1ebf gi\u1edbi.<\/p>\n<p>\u0110\u00e2y \u0111\u01b0\u1ee3c \u0111\u00e1nh gi\u00e1 l\u00e0 m\u1ed9t trong nh\u1eefng t\u1eadp \u0111o\u00e0n s\u1ea3n xu\u1ea5t m\u00e1y ph\u00e1t \u0111i\u1ec7n c\u00f3 l\u1ecbch s\u1eed l\u00e2u \u0111\u1eddi nh\u1ea5t, g\u1ea7n 100 n\u0103m.<\/p>\n<p>T\u1eeb m\u1ed9t tr\u1ee5 s\u1edf duy nh\u1ea5t t\u1ea1i Indiana \u2013 Hoa K\u1ef3. Hi\u1ec7n nay, t\u1eadp \u0111o\u00e0n Cummins \u0111\u00e3 m\u1edf r\u1ed9ng chi nh\u00e1nh v\u00e0 nh\u00e0 m\u00e1y t\u1ea1i nhi\u1ec1u n\u01b0\u1edbc tr\u00ean th\u1ebf gi\u1edbi, nh\u01b0: M\u1ef9, Anh, \u1ea4n \u0110\u1ed9, Trung Qu\u1ed1c\u2026.<\/p>\n<p>Cummins lu\u00f4n \u1ee9ng d\u1ee5ng c\u00f4ng ngh\u1ec7 m\u1edbi, ti\u00ean ti\u1ebfn nh\u1ea5t trong thi\u1ebft k\u1ebf, ch\u1ebf t\u1ea1o m\u00e1y ph\u00e1t \u0111i\u1ec7n.<\/p>\n<h3>\u0110\u1ea7u ph\u00e1t m\u00e1y ph\u00e1t \u0111i\u1ec7n<\/h3>\n<p>\u0110\u1ea7u ph\u00e1t c\u1ee7a m\u00e1y ph\u00e1t \u0111i\u1ec7n Cummins mang th\u01b0\u01a1ng hi\u1ec7u STAMFORD .\u00a0 \u0110\u00e2y l\u00e0\u00a0 th\u01b0\u01a1ng hi\u1ec7u lu\u00f4n kh\u1eb3ng \u0111\u1ecbnh \u0111\u01b0\u1ee3c v\u1ecb th\u1ebf h\u00e0ng \u0111\u1ea7u c\u1ee7a m\u00ecnh trong vi\u1ec7c s\u1ea3n xu\u1ea5t \u0111\u1ea7u ph\u00e1t.<\/p>\n<h3>Kh\u1ea3 n\u0103ng ho\u1ea1t \u0111\u1ed9ng b\u1ec1n b\u1ec9 v\u1edbi c\u00f4ng su\u1ea5t t\u1ed1i \u0111a<\/h3>\n<p>Vi\u1ec7c \u00e1p d\u1ee5ng c\u00f9ng m\u00e1y bi\u1ebfn d\u00f2ng gi\u00fap m\u00e1y ph\u00e1t \u0111i\u1ec7n ho\u1ea1t \u0111\u1ed9ng m\u1ea1nh m\u1ebd h\u01a1n, momen xo\u1eafn cao h\u01a1n. Nh\u1edd \u0111\u00f3 m\u00e0 m\u00e1y lu\u00f4n \u0111\u01b0\u1ee3c v\u1eadn h\u00e0nh v\u1edbi c\u00f4ng su\u1ea5t t\u1ed1i \u0111a, \u0111\u1ea3m b\u1ea3o s\u1ef1 \u1ed5n \u0111\u1ecbnh v\u00e0 ho\u1ea1t \u0111\u1ed9ng b\u1ec1n b\u1ec9. Tuy\u1ec7t \u0111\u1ed1i kh\u00f4ng c\u00f3 tr\u01b0\u1eddng h\u1ee3p ch\u1eadp ch\u1eddn, gi\u00e1n \u0111o\u1ea1n khi s\u1eed d\u1ee5ng.<\/p>\n<p><img decoding=\"async\" loading=\"lazy\" class=\"size-medium wp-image-2822 aligncenter\" src=\"https:\/\/maynenkhithuanphat.com.vn\/wp-content\/uploads\/2023\/06\/z4426032137594_fa062abf95a929725fea0fac673a97e8-1-300x300.jpg\" alt=\"\" width=\"300\" height=\"300\" srcset=\"https:\/\/maynenkhithuanphat.com.vn\/wp-content\/uploads\/2023\/06\/z4426032137594_fa062abf95a929725fea0fac673a97e8-1-300x300.jpg 300w, https:\/\/maynenkhithuanphat.com.vn\/wp-content\/uploads\/2023\/06\/z4426032137594_fa062abf95a929725fea0fac673a97e8-1-247x247.jpg 247w, https:\/\/maynenkhithuanphat.com.vn\/wp-content\/uploads\/2023\/06\/z4426032137594_fa062abf95a929725fea0fac673a97e8-1-100x100.jpg 100w, https:\/\/maynenkhithuanphat.com.vn\/wp-content\/uploads\/2023\/06\/z4426032137594_fa062abf95a929725fea0fac673a97e8-1-510x510.jpg 510w, https:\/\/maynenkhithuanphat.com.vn\/wp-content\/uploads\/2023\/06\/z4426032137594_fa062abf95a929725fea0fac673a97e8-1-150x150.jpg 150w, https:\/\/maynenkhithuanphat.com.vn\/wp-content\/uploads\/2023\/06\/z4426032137594_fa062abf95a929725fea0fac673a97e8-1-768x768.jpg 768w, https:\/\/maynenkhithuanphat.com.vn\/wp-content\/uploads\/2023\/06\/z4426032137594_fa062abf95a929725fea0fac673a97e8-1-50x50.jpg 50w, https:\/\/maynenkhithuanphat.com.vn\/wp-content\/uploads\/2023\/06\/z4426032137594_fa062abf95a929725fea0fac673a97e8-1-80x80.jpg 80w, https:\/\/maynenkhithuanphat.com.vn\/wp-content\/uploads\/2023\/06\/z4426032137594_fa062abf95a929725fea0fac673a97e8-1.jpg 800w\" sizes=\"(max-width: 300px) 100vw, 300px\" \/><img decoding=\"async\" loading=\"lazy\" class=\"alignnone size-medium wp-image-2823 aligncenter\" src=\"https:\/\/maynenkhithuanphat.com.vn\/wp-content\/uploads\/2023\/06\/z4428988550128_682a475a3f479ff867b887245ed5bc26-300x300.jpg\" alt=\"\" width=\"300\" height=\"300\" srcset=\"https:\/\/maynenkhithuanphat.com.vn\/wp-content\/uploads\/2023\/06\/z4428988550128_682a475a3f479ff867b887245ed5bc26-300x300.jpg 300w, https:\/\/maynenkhithuanphat.com.vn\/wp-content\/uploads\/2023\/06\/z4428988550128_682a475a3f479ff867b887245ed5bc26-247x247.jpg 247w, https:\/\/maynenkhithuanphat.com.vn\/wp-content\/uploads\/2023\/06\/z4428988550128_682a475a3f479ff867b887245ed5bc26-100x100.jpg 100w, https:\/\/maynenkhithuanphat.com.vn\/wp-content\/uploads\/2023\/06\/z4428988550128_682a475a3f479ff867b887245ed5bc26-510x510.jpg 510w, https:\/\/maynenkhithuanphat.com.vn\/wp-content\/uploads\/2023\/06\/z4428988550128_682a475a3f479ff867b887245ed5bc26-150x150.jpg 150w, https:\/\/maynenkhithuanphat.com.vn\/wp-content\/uploads\/2023\/06\/z4428988550128_682a475a3f479ff867b887245ed5bc26-768x768.jpg 768w, https:\/\/maynenkhithuanphat.com.vn\/wp-content\/uploads\/2023\/06\/z4428988550128_682a475a3f479ff867b887245ed5bc26-50x50.jpg 50w, https:\/\/maynenkhithuanphat.com.vn\/wp-content\/uploads\/2023\/06\/z4428988550128_682a475a3f479ff867b887245ed5bc26-80x80.jpg 80w, https:\/\/maynenkhithuanphat.com.vn\/wp-content\/uploads\/2023\/06\/z4428988550128_682a475a3f479ff867b887245ed5bc26.jpg 800w\" sizes=\"(max-width: 300px) 100vw, 300px\" \/><\/p>\n","protected":false},"excerpt":{"rendered":"<p>&nbsp; M\u00e1y ph\u00e1t \u0111i\u1ec7n \u0111\u1ed9ng c\u01a1 Cummins (M\u1ef9) Si\u00eau b\u1ec1n, tu\u1ed5i th\u1ecd cao, thi\u1ebft k\u1ebf nh\u1ecf g\u1ecdn, ti\u1ebft ki\u1ec7m nhi\u00ean li\u1ec7u. Cummins\u00a0l\u00e0 d\u00f2ng m\u00e1y ph\u00e1t \u0111i\u1ec7n n\u1ed5i ti\u1ebfng v\u00e0 r\u1ea5t \u0111\u01b0\u1ee3c \u01b0a chu\u1ed9ng hi\u1ec7n nay, \u0111\u01b0\u1ee3c bi\u1ebft \u0111\u1ebfn l\u00e0 t\u1eadp \u0111o\u00e0n s\u1ea3n xu\u1ea5t \u0111\u1ed9ng c\u01a1 diesel v\u00e0 m\u00e1y ph\u00e1t \u0111i\u1ec7n n\u1ed5i ti\u1ebfng to\u00e0n th\u1ebf gi\u1edbi. [&#8230;]\n","protected":false},"featured_media":2824,"comment_status":"open","ping_status":"closed","template":"","meta":[],"product_cat":[587],"product_tag":[],"yoast_head":"<!-- This site is optimized with the Yoast SEO plugin v16.5 - https:\/\/yoast.com\/wordpress\/plugins\/seo\/ -->\n<title>M\u00e1y ph\u00e1t \u0111i\u1ec7n \u0111\u1ed9ng c\u01a1 CUMMINS<\/title>\n<meta name=\"description\" content=\"M\u00e1y ph\u00e1t \u0111i\u1ec7n \u0111\u1ed9ng c\u01a1 CUMMINS hi\u1ec7u su\u1ea5t cao, si\u00eau b\u1ec1n, gi\u00e1 c\u1ef1c t\u1ed1t.\" \/>\n<meta name=\"robots\" content=\"index, follow, max-snippet:-1, max-image-preview:large, max-video-preview:-1\" \/>\n<link rel=\"canonical\" href=\"https:\/\/maynenkhithuanphat.com.vn\/?product=may-phat-dien-dong-co-cummins\" \/>\n<meta property=\"og:locale\" content=\"vi_VN\" \/>\n<meta property=\"og:type\" content=\"article\" \/>\n<meta property=\"og:title\" content=\"M\u00e1y ph\u00e1t \u0111i\u1ec7n \u0111\u1ed9ng c\u01a1 CUMMINS\" \/>\n<meta property=\"og:description\" content=\"M\u00e1y ph\u00e1t \u0111i\u1ec7n \u0111\u1ed9ng c\u01a1 CUMMINS hi\u1ec7u su\u1ea5t cao, si\u00eau b\u1ec1n, gi\u00e1 c\u1ef1c t\u1ed1t.\" \/>\n<meta property=\"og:url\" content=\"https:\/\/maynenkhithuanphat.com.vn\/?product=may-phat-dien-dong-co-cummins\" \/>\n<meta property=\"og:site_name\" content=\"M\u00e1y N\u00e9n Kh\u00ed Thu\u1eadn Ph\u00e1t\" \/>\n<meta property=\"article:publisher\" content=\"https:\/\/www.facebook.com\/phat.thuan.370177\/\" \/>\n<meta property=\"article:modified_time\" content=\"2024-03-18T03:07:34+00:00\" \/>\n<meta property=\"og:image\" content=\"https:\/\/maynenkhithuanphat.com.vn\/wp-content\/uploads\/2023\/06\/z4428988700399_555eba18ee41d1ae8be7982e06c3bce3-1.jpg\" \/>\n\t<meta property=\"og:image:width\" content=\"800\" \/>\n\t<meta property=\"og:image:height\" content=\"800\" \/>\n<meta name=\"twitter:card\" content=\"summary_large_image\" \/>\n<meta name=\"twitter:label1\" content=\"\u01af\u1edbc t\u00ednh th\u1eddi gian \u0111\u1ecdc\" \/>\n\t<meta name=\"twitter:data1\" content=\"2 ph\u00fat\" \/>\n<script type=\"application\/ld+json\" class=\"yoast-schema-graph\">{\"@context\":\"https:\/\/schema.org\",\"@graph\":[{\"@type\":\"Organization\",\"@id\":\"https:\/\/maynenkhithuanphat.com.vn\/#organization\",\"name\":\"C\\u00f4ng ty TNHH PT XNK Thu\\u1eadn Ph\\u00e1t\",\"url\":\"https:\/\/maynenkhithuanphat.com.vn\/\",\"sameAs\":[\"https:\/\/www.facebook.com\/phat.thuan.370177\/\",\"https:\/\/www.instagram.com\/phat.thuan.370177\/\",\"https:\/\/www.youtube.com\/channel\/UCWRaaKUOooP_xTqnN5ds1eg\/featured\",\"https:\/\/www.pinterest.com\/maynenkhithuanphat\/_created\/\"],\"logo\":{\"@type\":\"ImageObject\",\"@id\":\"https:\/\/maynenkhithuanphat.com.vn\/#logo\",\"inLanguage\":\"vi\",\"url\":\"https:\/\/maynenkhithuanphat.com.vn\/wp-content\/uploads\/2018\/05\/logo-1.png\",\"contentUrl\":\"https:\/\/maynenkhithuanphat.com.vn\/wp-content\/uploads\/2018\/05\/logo-1.png\",\"width\":500,\"height\":104,\"caption\":\"C\\u00f4ng ty TNHH PT XNK Thu\\u1eadn Ph\\u00e1t\"},\"image\":{\"@id\":\"https:\/\/maynenkhithuanphat.com.vn\/#logo\"}},{\"@type\":\"WebSite\",\"@id\":\"https:\/\/maynenkhithuanphat.com.vn\/#website\",\"url\":\"https:\/\/maynenkhithuanphat.com.vn\/\",\"name\":\"M\\u00e1y N\\u00e9n Kh\\u00ed Thu\\u1eadn Ph\\u00e1t\",\"description\":\"\",\"publisher\":{\"@id\":\"https:\/\/maynenkhithuanphat.com.vn\/#organization\"},\"potentialAction\":[{\"@type\":\"SearchAction\",\"target\":\"https:\/\/maynenkhithuanphat.com.vn\/?s={search_term_string}\",\"query-input\":\"required name=search_term_string\"}],\"inLanguage\":\"vi\"},{\"@type\":\"ImageObject\",\"@id\":\"https:\/\/maynenkhithuanphat.com.vn\/?product=may-phat-dien-dong-co-cummins#primaryimage\",\"inLanguage\":\"vi\",\"url\":\"https:\/\/maynenkhithuanphat.com.vn\/wp-content\/uploads\/2023\/06\/z4428988700399_555eba18ee41d1ae8be7982e06c3bce3-1.jpg\",\"contentUrl\":\"https:\/\/maynenkhithuanphat.com.vn\/wp-content\/uploads\/2023\/06\/z4428988700399_555eba18ee41d1ae8be7982e06c3bce3-1.jpg\",\"width\":800,\"height\":800},{\"@type\":\"WebPage\",\"@id\":\"https:\/\/maynenkhithuanphat.com.vn\/?product=may-phat-dien-dong-co-cummins#webpage\",\"url\":\"https:\/\/maynenkhithuanphat.com.vn\/?product=may-phat-dien-dong-co-cummins\",\"name\":\"M\\u00e1y ph\\u00e1t \\u0111i\\u1ec7n \\u0111\\u1ed9ng c\\u01a1 CUMMINS\",\"isPartOf\":{\"@id\":\"https:\/\/maynenkhithuanphat.com.vn\/#website\"},\"primaryImageOfPage\":{\"@id\":\"https:\/\/maynenkhithuanphat.com.vn\/?product=may-phat-dien-dong-co-cummins#primaryimage\"},\"datePublished\":\"2023-06-29T09:44:31+00:00\",\"dateModified\":\"2024-03-18T03:07:34+00:00\",\"description\":\"M\\u00e1y ph\\u00e1t \\u0111i\\u1ec7n \\u0111\\u1ed9ng c\\u01a1 CUMMINS hi\\u1ec7u su\\u1ea5t cao, si\\u00eau b\\u1ec1n, gi\\u00e1 c\\u1ef1c t\\u1ed1t.\",\"breadcrumb\":{\"@id\":\"https:\/\/maynenkhithuanphat.com.vn\/?product=may-phat-dien-dong-co-cummins#breadcrumb\"},\"inLanguage\":\"vi\",\"potentialAction\":[{\"@type\":\"ReadAction\",\"target\":[\"https:\/\/maynenkhithuanphat.com.vn\/?product=may-phat-dien-dong-co-cummins\"]}]},{\"@type\":\"BreadcrumbList\",\"@id\":\"https:\/\/maynenkhithuanphat.com.vn\/?product=may-phat-dien-dong-co-cummins#breadcrumb\",\"itemListElement\":[{\"@type\":\"ListItem\",\"position\":1,\"name\":\"Trang ch\\u1ee7\",\"item\":\"https:\/\/maynenkhithuanphat.com.vn\/\"},{\"@type\":\"ListItem\",\"position\":2,\"name\":\"\"},{\"@type\":\"ListItem\",\"position\":3,\"name\":\"M\\u00c1Y PH\\u00c1T \\u0110I\\u1ec6N THU\\u1eacN PH\\u00c1T\",\"item\":\"https:\/\/maynenkhithuanphat.com.vn\/?product_cat=may-phat-dien\"},{\"@type\":\"ListItem\",\"position\":4,\"name\":\"M\\u00e1y ph\\u00e1t \\u0111i\\u1ec7n \\u0111\\u1ed9ng c\\u01a1 CUMMINS\"}]}]}<\/script>\n<!-- \/ Yoast SEO plugin. -->","_links":{"self":[{"href":"https:\/\/maynenkhithuanphat.com.vn\/index.php?rest_route=\/wp\/v2\/product\/2820"}],"collection":[{"href":"https:\/\/maynenkhithuanphat.com.vn\/index.php?rest_route=\/wp\/v2\/product"}],"about":[{"href":"https:\/\/maynenkhithuanphat.com.vn\/index.php?rest_route=\/wp\/v2\/types\/product"}],"replies":[{"embeddable":true,"href":"https:\/\/maynenkhithuanphat.com.vn\/index.php?rest_route=%2Fwp%2Fv2%2Fcomments&post=2820"}],"wp:featuredmedia":[{"embeddable":true,"href":"https:\/\/maynenkhithuanphat.com.vn\/index.php?rest_route=\/wp\/v2\/media\/2824"}],"wp:attachment":[{"href":"https:\/\/maynenkhithuanphat.com.vn\/index.php?rest_route=%2Fwp%2Fv2%2Fmedia&parent=2820"}],"wp:term":[{"taxonomy":"product_cat","embeddable":true,"href":"https:\/\/maynenkhithuanphat.com.vn\/index.php?rest_route=%2Fwp%2Fv2%2Fproduct_cat&post=2820"},{"taxonomy":"product_tag","embeddable":true,"href":"https:\/\/maynenkhithuanphat.com.vn\/index.php?rest_route=%2Fwp%2Fv2%2Fproduct_tag&post=2820"}],"curies":[{"name":"wp","href":"https:\/\/api.w.org\/{rel}","templated":true}]}}